he remainder when 1960944 is divided by 12.
0
What is the remainder when 923667 is divided by 392?
115
What is the remainder when 101519 is divided by 2406?
467
Calculate the remainder when 349584 is divided by 24946.
340
What is the remainder when 6407434 is divided by 35?
19
Calculate the remainder when 92233964 is divided by 92233948.
16
Calculate the remainder when 695417 is divided by 53492.
21
What is the remainder when 1672904 is divided by 103?
81
Calculate the remainder when 2378800 is divided by 79292.
40
What is the remainder when 1612525 is divided by 280?
5
What is the remainder when 63197 is divided by 28526?
6145
Calculate the remainder when 2101438 is divided by 1050710.
18
Calculate the remainder when 3199320 is divided by 533216.
24
Calculate the remainder when 297824 is divided by 1159.
1120
Calculate the remainder when 22673 is divided by 16864.
5809
What is the remainder when 3355004 is divided by 190?
174
Calculate the remainder when 50556 is divided by 8394.
192
What is the remainder when 868332 is divided by 434152?
28
Calculate the remainder when 1300771 is divided by 1021.
17
Calculate the remainder when 2877119 is divided by 130.
89
What is the remainder when 132133109 is divided by 2779?
2775
What is the remainder when 283460 is divided by 1638?
86
Calculate the remainder when 222158 is divided by 1672.
1454
Calculate the remainder when 1894056 is divided by 59.
38
Calculate the remainder when 189139 is divided by 37798.
149
What is the remainder when 218459 is divided by 3?
2
What is the remainder when 17253113 is divided by 18104?
1
Calculate the remainder when 56970 is divided by 56600.
370
Calculate the remainder when 187386 is divided by 520.
186
Calculate the remainder when 1362106 is divided by 3937.
3841
What is the remainder when 276948 is divided by 92206?
330
What is the remainder when 83314 is divided by 2608?
2466
Calculate the remainder when 3293740 is divided by 644.
324
What is the remainder when 7560873 is divided by 1890211?
29
Calculate the remainder when 2639235 is divided by 2293.
2285
Calculate the remainder when 281551 is divided by 279944.
1607
Calculate the remainder when 376396 is divided by 718.
164
Calculate the remainder when 79434637 is divided by 3610665.
7
What is the remainder when 32040832 is divided by 7332?
7324
What is the remainder when 103020134 is divided by 14717159?
21
What is the remainder when 7848146 is divided by 3377?
3375
What is the remainder when 348166 is divided by 69624?
46
What is the remainder when 10162234 is divided by 24?
10
What is the remainder when 21538 is divided by 3560?
178
What is the remainder when 182398 is divided by 106?
78
Calculate the remainder when 1243825 is divided by 70.
65
What is the remainder when 500103 is divided by 213?
192
Calculate the remainder when 67672 is divided by 2125.
1797
Calculate the remainder when 1013186 is divided by 3258.
3206
What is the remainder when 13683938 is divided by 28?
2
Calculate the remainder when 119898990 is divided by 116.
114
What is the remainder when 277250 is divided by 77?
50
Calculate the remainder when 13289302 is divided by 5261.
16
Calculate the remainder when 11872308 is divided by 872.
28
Calculate the remainder when 20360142 is divided by 132.
66
What is the remainder when 174270544 is divided by 342?
340
Calculate the remainder when 191521 is divided by 2076.
529
What is the remainder when 634840847 is divided by 4344?
4343
What is the remainder when 6099 is divided by 34?
13
What is the remainder when 738843 is divided by 12522?
45
What is the remainder when 366088167 is divided by 6395?
6392
What is the remainder when 967560 is divided by 302?
254
What is the remainder when 3628491 is divided by 4036?
127
Calculate the remainder when 1167207 is divided by 100.
7
Calculate the remainder when 870747 is divided by 268.
15
Calculate the remainder when 20985 is divided by 531.
276
Calculate the remainder when 97548 is divided by 3606.
186
Calculate the remainder when 3042334 is divided by 760570.
54
What is the remainder when 4999684 is divided by 1116?
4
What is the remainder when 672116 is divided by 223412?
1880
Calculate the remainder when 10852396 is divided by 124740.
16
Calculate the remainder when 24200 is divided by 11792.
616
What is the remainder when 28393783 is divided by 2184137?
2
Calculate the remainder when 50140599 is divided by 1474723.
17
What is the remainder when 12016244 is divided by 2002705?
14
What is the remainder when 113896482 is divided by 16270925?
7
Calculate the remainder when 968314 is divided by 161381.
28
Calculate the remainder when 13103415 is divided by 1925.
1865
Calculate the remainder when 9072395 is divided by 400.
395
Calculate the remainder when 3822680 is divided by 6039.
6032
What is the remainder when 165922628 is divided by 472?
468
What is the remainder when 105980874 is divided by 148?
146
What is the remainder when 443872 is divided by 443577?
295
Calculate the remainder when 307211 is divided by 102303.
302
What is the remainder when 854245 is divided by 426533?
1179
What is the remainder when 1133779 is divided by 10590?
649
Calculate the remainder when 202031212 is divided by 1213.
1210
What is the remainder when 1850776 is divided by 1850673?
103
What is the remainder when 473409 is divided by 907?
862
Calculate the remainder when 5651442 is divided by 464.
386
Calculate the remainder when 1171597 is divided by 36610.
77
Calculate the remainder when 167987 is divided by 68.
27
What is the remainder when 1937704 is divided by 331?
30
What is the remainder when 1811038 is divided by 110?
108
Calculate the remainder when 6586313 is divided by 22.
19
Calculate the remainder when 448657 is divided by 63578.
3611
Calculate the remainder when 630374 is divided by 210122.
8
Calculate the remainder when 27417814 is divided by 71215.
39
What is the remainder when 690105353 is divided by 412?
409
Calculate the remainder when 312189073 is divided by 605.
603
What is the remainder when 283285 is divided by 50?
35
Calculate the remainder when 110277646 is divided by 1872.
1870
What is the remainder when 134030 is divided by 779?
42
Calculate the remainder when 7102042 is divided by 304.
298
What is the remainder when 1098116 is divided by 13900?
16
What is the remainder when 24997 is divided by 2736?
373
What is the remainder when 821093 is divided by 54728?
173
What is the remainder when 98095 is divided by 1275?
1195
What is the remainder when 5675266 is divided by 2837627?
12
Calculate the remainder when 457680 is divided by 35166.
522
Calculate the remainder when 28733942 is divided by 4702.
20
What is the remainder when 15451 is divided by 5369?
4713
What is the remainder when 1067992 is divided by 213596?
12
What is the remainder when 649973 is divided by 3851?
3005
What is the remainder when 1436483 is divided by 4546?
4493
Calculate the remainder when 15387751 is divided by 188.
139
What is the remainder when 139957 is divided by 288?
277
What is the remainder when 810319496 is divided by 405159743?
10
Calculate the remainder when 758264 is divided by 26.
0
Calculate the remainder when 1544908 is divided by 173.
18
Calculate the remainder when 21810 is divided by 10403.
1004
What is the remainder when 16969429 is divided by 96968?
29
Calculate the remainder when 8845 is divided by 3028.
2789
Calculate the remainder when 1204657 is divided by 858.
25
Calculate the remainder when 125312 is divided by 106.
20
Calculate the remainder when 1555714 is divided by 388873.
222
Calculate the remainder when 2154135 is divided by 307695.
270
Calculate the remainder when 2678647 is divided by 65.
62
Calculate the remainder when 259224242 is divided by 3189.
3188
Calculate the remainder when 3297 is divided by 1599.
99
Calculate the remainder when 10620866 is divided by 708054.
56
Calculate the remainder when 31346 is divided by 15230.
886
What is the remainder when 61253136 is divided by 258452?
12
Calculate the remainder when 134811 is divided by 44934.
9
Calculate the remainder when 8043351 is divided by 686.
1
What is the remainder when 173368115 is divided by 735?
725
What is the remainder when 866982 is divided by 21671?
142
What is the remainder